et t be (1 + -324)*(-1 - i). Let p = t + -482. Is p composite?
False
Let h(x) = -3*x**2 + 9*x - 30. Let d be h(-16). Let b = d + 1819. Is b a composite number?
False
Suppose 5*d = -4*r - 8, -6*d - 4*r = -7*d - 16. Is d/(-6) - (16655/(-15) - 4) composite?
True
Suppose -4*u - 3*t + 0*t + 32 = 0, -u = -t - 15. Let v(g) = 17*g**2 + 16*g - 12. Is v(u) a composite number?
False
Is (24/32*-4)/(2/(-9886)) a prime number?
False
Suppose 3*u = -4 + 13. Suppose -l = -2*w - 60, -l + 0*w - u*w = -55. Is l composite?
True
Suppose -41*b - 9122 = -43*b. Is b composite?
False
Let m(n) = -94*n**3 - n**2 + 12*n + 31. Is m(-6) composite?
True
Let b = -36 + 43. Suppose 2835 = b*x - 1918. Is x a prime number?
False
Suppose -12*w - 2*w + 28 = 0. Suppose -5*c + w*b + 2955 = 0, 4*c + b - 2*b = 2364. Is c prime?
False
Let w(m) = -m. Let k(y) = -7*y + 3. Let l(i) = -2*k(i) - 6*w(i). Let q be l(4). Let p = q + -37. Is p a prime number?
True
Let g = 21 - -1450. Is g a composite number?
False
Let i(x) = 2225*x - 71. Is i(8) a prime number?
True
Let k(z) = 7 + 4*z - 3*z + 5*z - 3*z. Let h be k(-6). Is h/(-4)*(-4 + 56) a prime number?
False
Let i = 35 - 30. Suppose -5*u - 20 = 0, c = 4*u - i*u + 567. Is c a prime number?
True
Let a(t) be the first derivative of -t**3/3 - t**2/2 + 753*t + 30. Is a(0) composite?
True
Is (0/4 - -59611)/1 composite?
False
Let v(h) = h**3 - 10*h**2 + h - 5. Let m be (2/(-3))/((-9)/135). Let r be v(m). Suppose -r*i = -5, 0*o - 418 = -5*o - 3*i. Is o a composite number?
False
Is 4049 - (-3)/(15/(-20)) a prime number?
False
Let k(x) = 158*x + 1. Let j be k(7). Let t = j - 1662. Let p = t - -974. Is p prime?
True
Suppose -3*y = 3 + 3. Is (-8)/y*(-749)/(-4) a composite number?
True
Let q = 26 - 17. Suppose 2*a + 360 = -5*u, 5*a + 360 = -q*u + 4*u. Let l = 137 - u. Is l a prime number?
False
Suppose 3*h - 4 + 1 = 2*i, 2*h - 3*i + 3 = 0. Suppose -10*k + 6*k = h*s - 8877, k + 11855 = 4*s. Is s prime?
True
Let m(t) = -t**2 - 2*t + 3. Let k be m(-3). Let l be (4 - (4 - 1))*k. Suppose -r + 0*r + 163 = l. Is r a prime number?
True
Let f = -137 + 197. Let p = -7 - 76. Let c = f - p. Is c prime?
False
Is -5 + 0 + 8 + 9 + 37735 prime?
True
Let u = 34 - 32. Let h(q) = 131*q + 3. Is h(u) a composite number?
True
Let w = 54 + -32. Suppose 0 = 8*i - 7*i - 13. Is w/(-143) - (-1263)/i prime?
True
Suppose -2100 = -i + 3*j, -4*i - 2*j = -5*j - 8400. Suppose -2*a + 1666 = -i. Is a composite?
True
Let o = 3847 + -1794. Is o a composite number?
False
Suppose -2*v + 1678 = 5*h, -4*v = 4*h - 3*h - 332. Let b be 2/(-4) + 347/2. Let s = h - b. Is s composite?
False
Suppose -20*f = -21*f + 6. Let y = -55 - -128. Suppose -f = -i + y. Is i composite?
False
Suppose 3*u = -4*c + 5*c - 27427, -2*c = -2*u - 18286. Let w = u + 13833. Is w prime?
True
Let t(h) = 4*h**2 - 8*h + 12*h**2 - 1 + h**3 + 3 + 0*h. Is t(-15) prime?
True
Let r(q) = 2*q + 8. Let i be r(-4). Is (0 - (i + 2)) + 213 prime?
True
Let p be -2 - (-15671)/(-10) - (-4)/40. Let x(n) = 2203*n**3 - n**2 - n + 1. Let i be x(1). Let c = p + i. Is c a composite number?
True
Let a be 0/(-3) + 3 + -2. Let p be 2*(-1 - a)/(-2). Is 1*(p + 76 - 1) composite?
True
Let y be 577/(-4) - 1/(-4). Let s = 50 + -135. Let a = s - y. Is a prime?
True
Let v be (-58)/6*27/3. Is v*15/(-9) + 0 a prime number?
False
Let w(n) = -146*n**2 + 457*n**2 - n - 150*n**2 - 149*n**2. Let g be 1*-2*(-7)/2. Is w(g) a composite number?
True
Let d(a) = 541*a**3 - 2*a**2 + 7*a - 1. Is d(2) a composite number?
True
Suppose -2*m - 5*x = -0*m + 7, m + 26 = 2*x. Let u = 10 + m. Let p(q) = -14*q - 5. Is p(u) a prime number?
True
Let w be 532/(-126) + (-4)/(-18). Let a be ((-2)/2)/(w/532). Suppose 62 + a = 3*x. Is x a composite number?
True
Suppose 0 = 8*q - q - 28. Suppose -3*n - 4*x + 11677 = 0, -1 - q = x. Is n composite?
True
Suppose 2*f + 165 = -3*f. Let u be 1/(-5) + f/(-15). Suppose 234 = 2*x + u*b + 2*b, -x + 105 = -4*b. Is x a composite number?
False
Let y = 19 + -12. Suppose -y*r = -4*r - 834. Is r composite?
True
Let h(f) = 43*f**3 + f**2 - f + 4. Let q be h(3). Let a = -614 + q. Is a a prime number?
True
Suppose s + 4*s + 5*k - 5 = 0, -2*s + 4*k = -20. Is 2 + (-3 - -22) + s a prime number?
False
Let a = 21 + -21. Suppose 2*o - d + 0*d = 0, a = -4*o - 3*d. Suppose o*y + 864 = 4*u - 4*y, -u - y + 212 = 0. Is u composite?
True
Suppose -t - 3 = 0, -2*t - 5 = 4*l - 11. Is (-1)/((-5)/285*l) prime?
True
Let j be 42/11 + 10/55. Suppose 9425 = 5*h + j*m - 9*m, -2*h + m = -3774. Is h a prime number?
True
Let i(j) = -j**2 - 5*j - 5. Suppose -13*g + 18*g + 15 = 0. Let p be i(g). Is (-326*(-1)/p)/2 a composite number?
False
Let m = 2267 + -1285. Suppose 5*v = 4*z - m + 133, -v - 1 = 0. Is z a prime number?
True
Let g = 777 + -34. Is g a composite number?
False
Suppose -5*b + 2*r - 1 + 6 = 0, 3*b + 11 = 4*r. Suppose 2*c - u = 125, -b*c - 2*u = -0*c - 205. Is c a prime number?
False
Is (1638/(-27) + 16)*(-267)/2 prime?
False
Let d(n) = -1103*n**3. Let y be d(1). Is (-1 - y - -2) + -3 + 2 a prime number?
True
Let c(k) = -12*k - 10*k + 9 - 4*k. Is c(-19) composite?
False
Let a(b) = 140*b**2 + 4*b + 19. Is a(7) a prime number?
True
Suppose 4*x + 2*p - 313 = 539, -4*p = 3*x - 639. Let d = x - 44. Is d a composite number?
True
Let n(v) be the first derivative of 2*v**3/3 - 3*v**2/2 + 7*v - 12. Is n(-6) a composite number?
False
Let a be 29/4 - (-9)/12. Let q = 48 - a. Let l = q + 15. Is l a prime number?
False
Let x = -8 - -9. Let p(t) = 21*t**3 - t**2 + 2*t - 1. Let i be p(x). Suppose i = -11*s + 12*s. Is s composite?
True
Let h = 23 - 21. Suppose -382 = -h*j - 0*j. Is j a prime number?
True
Suppose 4*w = 4*i - w - 9, -4 = -3*i + w. Let f be (-4)/i*(-9)/(-12). Is 4/f + (-16587)/(-27) prime?
True
Suppose 0 = -4*l + 5*o + 133 + 1454, 0 = 5*o - 5. Let n = l + 4343. Is n composite?
True
Let z be 92918/42 - (-4)/6. Let q = z - 1236. Is q composite?
False
Let q(h) = h**3 - 9*h**2 + 17*h - 14. Let v be q(7). Let w(o) = 4*o**2 - 3*o + 10. Is w(v) composite?
True
Suppose 3*g + 20516 = 7*g + 4*d, -3*g - 5*d + 15391 = 0. Is g composite?
True
Let l be (-99)/165 + (428/10)/(-2). Suppose -2*r - 23 = 3*o, -4*o + o - 71 = 5*r. Let a = r - l. Is a composite?
True
Is ((-45421)/1 + (13 - 19))/(-1) prime?
True
Let f(p) = p**2 - 2*p + 437. Let b be (-4)/22 - (-4)/22. Is f(b) prime?
False
Let g(c) = 36*c**2 + 5*c - 24. Is g(5) prime?
False
Is (57490/15)/(2/3) prime?
True
Let y(a) = 13*a**2 + 36*a + 292. Is y(-45) prime?
False
Let t be (-3)/5 - (-17)/(-5). Let f be (-66)/t + 7/14. Suppose o = 502 - f. Is o prime?
False
Suppose -2*b + 3*x = 2*x + 8, 5*x + 26 = -b. Is (-1544)/b - 2/6 prime?
True
Suppose -4 = 4*k - 0. Let h be k + 5 + 0 + 1. Suppose h*y + 3*x - 1082 = 4*y, -x - 4315 = -4*y. Is y a prime number?
False
Suppose 0 = 3*m + 2*m + 120. Let b be 48/1*(-80)/m. Suppose b = 2*w + 2. Is w a prime number?
True
Is 2426*(-55)/(-70)*7 a composite number?
True
Suppose 4*x = -2*n + 1934, -5*x + 957 - 2846 = -2*n. Suppose 0 = -v - 4*a + n + 302, 5*v - 5*a - 6295 = 0. Is v composite?
False
Let z(w) = w**2 - 2*w - 5. Let m be z(-2). Is ((11/m)/(-11))/((-2)/1590) a composite number?
True
Suppose 5*x + 7 = -4*g, -5*g + 32 - 10 = -4*x. Suppose -f - 2*f - 11165 = -2*b, 11157 = g*b + 5*f. Is b prime?
True
Let f(g) = 2*g**3 + 69*g**2 + 66*g - 34. Is f(-33) prime?
False
Let z(o) = 27*o**3 - 3*o**2 + 2*o + 4. Let g(a) = a**2 + a + 1. Let d be g(-2). Let l be z(d). Suppose 3*p = -p + l. Is p a composite number?
True
Let g(s) = 5*s + 1. Let f be g(1). Let b(o) = -o**2 - o + 4. Let r be b(0). Suppose -52 = r*d - f*d. Is d a prime number?
False
Suppose -10*u = -12*u + 36. Let q = u - 14. Suppose 2*o = -2*b + 52, 2*b - 43 = -b + q*o. Is b a prime number?
False
Is 2*-1 + 1029 + 12 prime?
True
Suppose -45*t + 48 = -42*t. Is (-3 - t/(-6))/((-2)/1518) composite?
True
Let i = 14013 - 5810. Is i composite?
True
Let q = -12 - -18. Let k = -4 + q. Suppose 0*t - 5*a = -4*t + 61, 0 = -3*t + k*a + 51. Is t a prime number?
True
Suppose -316*f = -306*f - 264850. Is f a prime number?
False
Suppose 8*s - 7*s = 5. Suppose a + 13 + 54 = 2*o, 0 = -s*o + 2*a + 169. Is o composite?
True
Let x = -30 - -158. Let v be (-5)/5*-4 + x. Suppose 3*g = 2*h + 707 - v, -5 = 5*h. Is g a prime number?
True
Let p(n) = 30*n**2 - n + 3. Suppose -4